{"id":9,"date":"2024-08-17T21:27:35","date_gmt":"2024-08-17T21:27:35","guid":{"rendered":"https:\/\/haararchitektur.ch\/?page_id=9"},"modified":"2024-08-17T22:13:38","modified_gmt":"2024-08-17T22:13:38","slug":"startseite","status":"publish","type":"page","link":"https:\/\/haararchitektur.ch\/","title":{"rendered":"Willkommen bei Ihrem Coiffeur-Salon in Schwarzenburg"},"content":{"rendered":"\n<p>Ob f\u00fcr Damen, Herren oder Kinder \u2013 bei uns sind Sie in den besten H\u00e4nden. Genie\u00dfen Sie unsere entspannte Atmosph\u00e4re in einer wundersch\u00f6n eingerichteten Umgebung und lassen Sie sich von unserem freundlichen und kompetenten Team verw\u00f6hnen. Unser besonderes Highlight: Ein luxuri\u00f6ser Massagesessel, der Ihren Besuch zu einem echten Wohlf\u00fchlerlebnis macht. Wir freuen uns darauf, Sie bei uns begr\u00fc\u00dfen zu d\u00fcrfen!<\/p>\n\n\n\n<figure class=\"wp-block-gallery has-nested-images columns-default is-cropped wp-block-gallery-1 is-layout-flex wp-block-gallery-is-layout-flex\">\n<figure class=\"wp-block-image size-large\"><img loading=\"lazy\" decoding=\"async\" width=\"382\" height=\"248\" data-id=\"17\" src=\"https:\/\/haararchitektur.ch\/wp-content\/uploads\/2024\/08\/Ihr-Coiffeur-in-Schwarzenburg-Haararchitektur-Logo.jpg\" alt=\"\" class=\"wp-image-17\" srcset=\"https:\/\/haararchitektur.ch\/wp-content\/uploads\/2024\/08\/Ihr-Coiffeur-in-Schwarzenburg-Haararchitektur-Logo.jpg 382w, https:\/\/haararchitektur.ch\/wp-content\/uploads\/2024\/08\/Ihr-Coiffeur-in-Schwarzenburg-Haararchitektur-Logo-300x195.jpg 300w\" sizes=\"auto, (max-width: 382px) 100vw, 382px\" \/><\/figure>\n<\/figure>\n","protected":false},"excerpt":{"rendered":"<p>Ob f\u00fcr Damen, Herren oder Kinder \u2013 bei uns sind Sie in den besten H\u00e4nden. Genie\u00dfen Sie unsere entspannte Atmosph\u00e4re in einer wundersch\u00f6n eingerichteten Umgebung und lassen Sie sich von unserem freundlichen und kompetenten Team verw\u00f6hnen. Unser besonderes Highlight: Ein luxuri\u00f6ser Massagesessel, der Ihren Besuch zu einem echten Wohlf\u00fchlerlebnis macht. Wir freuen uns darauf, Sie &hellip; <\/p>\n<p class=\"link-more\"><a href=\"https:\/\/haararchitektur.ch\/\" class=\"more-link\"><span class=\"screen-reader-text\">\u201eWillkommen bei Ihrem Coiffeur-Salon in Schwarzenburg\u201c<\/span> weiterlesen<\/a><\/p>\n","protected":false},"author":1,"featured_media":23,"parent":0,"menu_order":0,"comment_status":"closed","ping_status":"closed","template":"","meta":{"footnotes":""},"class_list":["post-9","page","type-page","status-publish","has-post-thumbnail","hentry"],"_links":{"self":[{"href":"https:\/\/haararchitektur.ch\/index.php?rest_route=\/wp\/v2\/pages\/9","targetHints":{"allow":["GET"]}}],"collection":[{"href":"https:\/\/haararchitektur.ch\/index.php?rest_route=\/wp\/v2\/pages"}],"about":[{"href":"https:\/\/haararchitektur.ch\/index.php?rest_route=\/wp\/v2\/types\/page"}],"author":[{"embeddable":true,"href":"https:\/\/haararchitektur.ch\/index.php?rest_route=\/wp\/v2\/users\/1"}],"replies":[{"embeddable":true,"href":"https:\/\/haararchitektur.ch\/index.php?rest_route=%2Fwp%2Fv2%2Fcomments&post=9"}],"version-history":[{"count":8,"href":"https:\/\/haararchitektur.ch\/index.php?rest_route=\/wp\/v2\/pages\/9\/revisions"}],"predecessor-version":[{"id":71,"href":"https:\/\/haararchitektur.ch\/index.php?rest_route=\/wp\/v2\/pages\/9\/revisions\/71"}],"wp:featuredmedia":[{"embeddable":true,"href":"https:\/\/haararchitektur.ch\/index.php?rest_route=\/wp\/v2\/media\/23"}],"wp:attachment":[{"href":"https:\/\/haararchitektur.ch\/index.php?rest_route=%2Fwp%2Fv2%2Fmedia&parent=9"}],"curies":[{"name":"wp","href":"https:\/\/api.w.org\/{rel}","templated":true}]}}